t be (-3)/(-6) + 10/4. Suppose 8*q = t*q - 5. Calculate k(q).
2
Let y(t) be the first derivative of 0*t - 3 - 1/2*t**2. What is y(-1)?
1
Let j(z) = z - 3. Let x(k) = k**2 - 11*k. Let p be x(11). Let s be 4/(-14) - 24/14. Let r be s*1/2*p. Determine j(r).
-3
Let l(t) = 3*t + 1. Let p = 24 + -18. Let d = -11 - -6. Let f = d + p. Give l(f).
4
Let z(p) = 7*p**3 - 8*p**2 + 5*p + 17. Let c(o) = -o**3 - o - 1. Let d(v) = 6*c(v) + z(v). Calculate d(8).
3
Let h(f) = f**2 + 2*f - 8. Let m be h(-4). Let u(r) be the third derivative of 3*r**2 + 0 + m*r**3 + 0*r + 1/12*r**4 - 1/60*r**5. Determine u(4).
-8
Let f(r) be the first derivative of r**2/2 + r - 5. Suppose n + 3*w = 20, -35 = -3*n + 3*w - 7*w. Suppose 2*j - 2 = n*s, 0 = -s - 0*j - 3*j + 3. Give f(s).
1
Let i(r) = 3*r. Let z(v) = v. Let f(s) = -4*i(s) + 11*z(s). Let l(h) = -5*h. Let a(j) = -21*f(j) + 3*l(j). Determine a(1).
6
Let n(h) = -3*h + 1. Let d(t) = 3*t. Let i(x) = -6*d(x) - 5*n(x). Calculate i(-6).
13
Let z(u) = -7*u**2 + 5 - 3 + 3 + 2*u - 6. What is z(1)?
-6
Suppose -9*i - 3*i + 48 = 0. Let y(h) = -h - 5. Determine y(i).
-9
Let l(o) = -2*o + 2. Let b(i) be the first derivative of -i**2/2 + 2*i - 2. Let v be b(7). Let c = v - -9. What is l(c)?
-6
Suppose 9 = 3*i - 4*h, 4*i + 3 - 15 = 3*h. Let s(j) = -6*j**2 + j**i + 7*j + 3*j - 5*j. Let b(w) = 2*w**2 + w - 1. Let v be b(-2). Give s(v).
0
Let l(a) be the first derivative of a**3/3 - a**2/2 + 2*a - 1. Give l(4).
14
Let o(q) be the first derivative of q**3/3 - 5*q**2/2 + 2*q - 1. Let w(d) be the first derivative of o(d). What is w(6)?
7
Let k(s) be the third derivative of s**6/120 + s**5/60 + s**4/24 - s**3 + 18*s**2. Give k(0).
-6
Let x(c) = -c**3 - c**2 + c - 2. Let r be x(0). Let j(u) be the third derivative of u**6/120 - u**5/30 - u**4/6 - u**3/3 + 11*u**2. Calculate j(r).
-10
Suppose 5*m = 3*m + 6. Let h(y) = -y**3 - m*y + 2*y - 2*y**2 + 3*y**3. Suppose -2 = 4*j + s, -j + 4 + 3 = 4*s. Calculate h(j).
-3
Suppose 3 = h - 0. Suppose -b - 2*i - 7 = h*i, 0 = -b - 4*i - 5. Let v be b - 0 - 6/(-3). Let z(c) = c**3 - 5*c**2 + 7. Calculate z(v).
7
Let b(y) = -3*y**2 + y**2 - 2*y**3 + 0*y**2 - y. Let r be (-4)/8 + 7/2. Suppose 5*i = x - 9, -i - r*x + 10 = i. What is b(i)?
1
Suppose 0 = 5*s + 2 - 27. Let p(q) = -1 - q + s + 0*q. Suppose -n = 2*c - 5*c + 7, -c + 3*n - 3 = 0. Determine p(c).
1
Let p(b) = 10 + 3 - 2*b - 8. Let x(u) = 4 + u + 0 + 0. Let o be x(0). What is p(o)?
-3
Let l(t) be the second derivative of t**3/6 - 2*t. Calculate l(-1).
-1
Let j(w) = -7*w**2 + 3*w - 4. Let s(t) = -12*t**2 + 7*t - 9. Let l(q) = -5*j(q) + 3*s(q). Let o be (10/(-4))/((-2)/4). What is l(o)?
-2
Let y(s) = s**3 - 3*s**2 - 4*s + 3. Let u = -8 - -8. Suppose -k + 4 = -u*k. Calculate y(k).
3
Let b(h) be the second derivative of h**6/720 + h**5/120 - h**4/4 + 2*h. Let s(y) be the third derivative of b(y). Give s(-6).
-5
Let u(m) = -3*m - 3 + 0*m**2 + 2 - 2*m**2 + m**2. What is u(-1)?
1
Let p = 6 + -4. Let h(w) = -6*w**p + w**3 - w + w - 8 + w. Suppose -2*z - 4*f = -6*z + 20, 4*f + 8 = 2*z. What is h(z)?
-2
Let h be (-54)/6*(2 - (3 + -2)). Let y(o) = -o**2 - 10*o - 2. Determine y(h).
7
Let l(v) be the second derivative of 1/3*v**3 + 2*v**2 + 0 + 7*v. Calculate l(3).
10
Let l(f) = f + 1. Let c = -11 + 16. Suppose -9 = 2*o + 5*j, -c*o + 4*j = -3 + 9. Determine l(o).
-1
Let q(j) = -j**2 + 4. Suppose -2*k + 12 = 5*o, 3*o - 1 = 2*k + 3. Suppose -3*x + 8*x - 20 = 0. Suppose z = k - x. Calculate q(z).
-5
Let l(t) = t**3 + 3*t**2 - 3*t. Let o(c) = c**3 + 21*c**2 + c + 17. Let w be o(-21). Determine l(w).
-4
Let h(c) be the second derivative of -c**5/20 + c**4/4 - 2*c**3/3 - 18*c. What is h(3)?
-12
Let g(y) = y**3 - 14*y**2 + 12*y + 16. Let p be g(13). Let s(c) = c**2 - 5*c + 3. Give s(p).
-3
Suppose t + 6 = -t. Let d = t + 9. Let v = -8 + d. Let u(n) = n**3 + 4*n**2 + 4*n + 3. What is u(v)?
3
Let x(f) = 2*f**2 - 7*f + 7. Let q(h) = 3*h**2 - 8*h + 8. Let d be (4 + -18)*(-1)/(-2). Let s(u) = d*x(u) + 6*q(u). What is s(1)?
4
Let r(u) = -u**3 - 5*u**2 + 2*u + 5. Let v be r(-6). Suppose 5*c = h - 10, c - 4*c - v = 4*h. Let i(q) = -2*q - 7. Calculate i(h).
3
Let k(w) be the first derivative of -w**4/4 - 10*w**3/3 - 9*w**2/2 - 4*w + 1. Let x be k(-9). Let y(a) = 2*a + 4. Give y(x).
-4
Let k(i) = 2 - 4*i + 3*i + 0*i. Determine k(0).
2
Let o(b) = 3*b**2 + 2 + 4*b**3 + 2*b - b**2 + 0*b**3 - 1. Suppose -a + m - 4*m = 1, -4*a = -4*m + 4. Give o(a).
-3
Suppose 2 = 5*q - 8. Let t(l) = 11*l**q + 3*l - 2*l - l. Calculate t(-1).
11
Let m(a) = -a**3 - a**2 + 1. Let f(w) = -2*w**3 + 3*w**2 + 7*w - 4. Let k(v) = f(v) - m(v). Calculate k(5).
5
Let p(u) = 4 - 4*u**2 + 3*u + 11 - 14 + u**3. Suppose 0 = -c + 3*h + 12, 2*h = 5*c - 0*h - 21. Calculate p(c).
1
Let b = 17 - 16. Let g(m) = m**3 + 1. Calculate g(b).
2
Let w(o) = -o + 2 - o**2 - 5 + 10*o + 1. What is w(8)?
6
Let c(f) = f**3 + 3*f**2 - 2*f + 4. Let u = 19 - 21. Let m = -172 + 118. Let h be u/5 - m/(-15). What is c(h)?
-4
Let t(k) = -k**2 - k. Let a(b) = -6*b**2 + 3*b - 8. Let z(y) = -a(y) + 5*t(y). Determine z(6).
-4
Let s(h) be the first derivative of 1/2*h**2 - 2 - 8*h. Give s(5).
-3
Let m(q) = 2*q**3 + 2*q**2 - 6*q - 1. Let g(j) = -5*j**3 - 3*j**2 + 13*j + 1. Let d(l) = -3*g(l) - 7*m(l). Give d(4).
0
Suppose 3*o = -4*m + 8 + 19, 0 = o - 5. Suppose -5*k + 5 = -0. Let u(v) = -3*v + 4*v**2 + k - 3 - v**3 - 1. Give u(m).
-3
Let w(m) = 172*m - m**2 - 175*m - 1 - m**2. Determine w(-2).
-3
Let l(b) = 7*b**3 - b + 1. Suppose 5*t + 15 = 4*a, 0*a - 12 = -2*t - 2*a. Determine l(t).
7
Suppose 0 = 3*q + 12, 4*q = 5*k - 0*q - 41. Let m(l) = -l**3 + 6*l**2 - 4*l - 2. Give m(k).
3
Let d(i) be the first derivative of -2*i**2 - 8*i - 12. What is d(-6)?
16
Suppose z = 4, 0*z - 39 = 5*y - z. Let f(j) = j**3 + 8*j**2 + 8*j + 3. What is f(y)?
-4
Let i(d) = d**2 + 4*d - 5. Let z be i(-5). Let g(c) be the third derivative of 1/24*c**4 + z + 3/2*c**3 - 2*c**2 + 0*c. Calculate g(-4).
5
Let k(n) = n**2 - 6*n - 4. Suppose 0 = z - 4*v - 13, 4 + 2 = -3*v. Let a(l) = -1. Let o(c) = z*a(c) - k(c). Give o(5).
4
Let d(r) = -r**2 - 7*r - 7. Suppose -2*b = -b + 6. Calculate d(b).
-1
Let k(u) = 2*u - 5*u - 4 - 5*u**2 - 4*u**3 + u**2 + 3*u**3. Determine k(-4).
8
Let g(l) = -l**2 + l + 1. Suppose -10 = -3*d - 2*d. Let y be 7*2*d/14. Give g(y).
-1
Let a be 4*-1 + -2 - -1. Let w(j) = 5*j**2 - 10*j - 1. Let y(k) = -k**2 + k. Let m(t) = -w(t) - 6*y(t). Give m(a).
6
Let a = -42 + 39. Let u(s) = -s**2 + 1. What is u(a)?
-8
Let f(h) = h**2 - h - 3. Let a be 74/26 + 8/52. Calculate f(a).
3
Suppose -v + 5 = -2*v. Suppose 3*c + r = 8, -3*c = 2*c + 4*r - 25. Let k(n) = 5*n**2 + c + 5 + 8*n - 3*n**2 - n**2. What is k(v)?
-9
Let r(c) = -c**3 - c - 2. Let v = -46 + 33. Let h = 13 + v. Determine r(h).
-2
Let l(x) be the second derivative of x**4/12 - x**3/2 - 3*x**2 - 4*x - 2. Determine l(6).
12
Let r(f) be the second derivative of f**5/20 - f**4/4 - f**3/2 - 3*f**2/2 - f. Let s(w) = -w. Let a be s(-4). Give r(a).
1
Let u(o) = -4*o - 6. Let x(b) = 4*b + 7. Suppose 40 = 3*a - 4*i + 7, -5*a + i = -38. Let t(s) = a*u(s) + 6*x(s). What is t(1)?
-4
Let u(j) = -2*j + 8. Let b be u(4). Let r(x) be the second derivative of -x + 0 + 1/12*x**4 + 5/6*x**3 + b*x**2. Give r(-4).
-4
Let r be 3/((-27)/(-6) - 3). Let p(w) = -w**3 + w**2 + 3*w - 3. Determine p(r).
-1
Let b(i) = i**2 - i - 1. Let w = -5 - -6. Let x be b(w). Let a(k) = -2*k + 1. What is a(x)?
3
Let j(u) be the third derivative of u**4/8 - 2*u**3/3 + 5*u**2. What is j(7)?
17
Let v(n) = -n - 4. Let z(w) = w**2 - w. Let q be z(5). Let j = 15 - q. Calculate v(j).
1
Let l(b) = b**2 + 9*b + 5. Let o(i) = i + 1. Let y(j) = l(j) - 3*o(j). Suppose t + 20 = -4*t. Give y(t).
-6
Let l be 2/(-4) + 98/(-28). Let p(t) = -t**3 - 3*t**2 + t + 4. Give p(l).
16
Let q be 1*3/(4 - 1). Let k(m) = -m**3 - 3*m**2 + 5*m + 1. Let h(t) = -t**2 + t + 1. Let u(c) = q*k(c) - 3*h(c). Let b = 4 + -2. Calculate u(b).
-6
Let p = 13 + -3. Let s be 2/(-3) - p/(-6). Let l(f) be the second derivative of 5*f**4/12 + f**3/6 - f**2/2 + 10*f. Determine l(s).
5
Let c(s) = s**2 + 1. Let i(q) = 6*q**2 + 3*q + 7. Suppose 5*m + 4*p = 2*m + 1, -5*p + 20 = 0. Let x(u) = m*c(u) + i(u). Let g = 29 + -32. What is x(g)?
2
Let g(z) = -2*z + 6. Let w(t) = -t**3 + t**2 + 2*t + 1. Let o be w(-1).